and n.
15
Suppose 303 = 3*i - 321 + 219. What is the greatest common factor of 16650 and i?
45
Suppose 32889 - 3743 = 11*l - 18154. Calculate the highest common divisor of l and 258.
86
Suppose -2*j + 44 = 2*v, 100 = 5*j - 0*v - 5*v. Let f(a) = a**2 + 17*a - 334. Let z be f(-30). What is the greatest common factor of j and z?
7
Let t be 364/104*(-160)/(-7). Let c be (24/(-15))/((-3)/60). Calculate the greatest common divisor of t and c.
16
Suppose -2210 + 7544 = 14*l. Suppose 0 = -2*c - 5*k + 201, c + 3*c + 3*k = l. What is the greatest common divisor of 3 and c?
3
Suppose -30 = -4*m - 5*i, -4*m + 8*i = 11*i - 26. Suppose -17*d + m = -29. Calculate the highest common divisor of d and 3.
1
Let o(w) = -w**2 + 3*w + 11. Let l be o(4). Let b = l + -6. Let y be (-100)/(-15)*1/(b/3). What is the highest common divisor of y and 60?
20
Let c = 31 + -7. Let v = -20 + c. Suppose -2*z + 13 = -2*n + 5*n, -v*z + 31 = n. Calculate the greatest common divisor of 20 and z.
4
Suppose -26*q + 18*q + 1456 = 0. Suppose q = 49*w - 42*w. Suppose -3*g - 250 = -796. What is the greatest common factor of w and g?
26
Suppose -f - 12 = f + 4*d, -5*d - 16 = 2*f. Let l = 42 + -4. What is the greatest common divisor of l and f?
2
Suppose 15*h - 144 = 149 - 83. What is the highest common factor of h and 6874?
14
Let b = -28 + 31. Suppose -6*m + 3*d = -9*m + 474, 4*m = -b*d + 627. What is the highest common divisor of 17 and m?
17
Suppose 2782 = -30*m + 3022. Calculate the highest common factor of 4904 and m.
8
Suppose s = 2*q - 4*q + 24, 2*q + 3*s - 24 = 0. Let c = -27638 + 28586. Calculate the highest common factor of c and q.
12
Suppose 4*l - 7 = 9. Suppose 3*s + l*h = 245 + 622, -2*h = 0. What is the greatest common factor of 17 and s?
17
Let a = 8 - 6. Suppose -3 + 15 = a*t. Let b = -1137 - -1203. Calculate the highest common factor of t and b.
6
Suppose 0*q + 4*q = w + 11, 2*w - 4 = -5*q. Suppose -48 = 56*u - 59*u. Let a be (q/(-3))/(2/(-3))*u. Calculate the highest common divisor of 80 and a.
16
Suppose 5*a - 15279 = -v + 4628, -v = -a + 3973. What is the highest common factor of a and 30?
10
Let z(b) = 2*b**2 + 2*b. Let s be z(3). Let v = 67 - s. Let y = v - 15. What is the highest common factor of 70 and y?
14
Suppose -5*o = -4*v + 236, -5*v = -0*o - 2*o - 278. Let w = -4 + v. What is the greatest common factor of 10 and w?
10
Let u be (-102)/17*14/(-12). Let d = -3 - -6. Let k = d + u. Calculate the highest common factor of 1 and k.
1
Let u = -444 + 420. Let o = u - -51. Calculate the highest common factor of 15 and o.
3
Suppose 0 = q + 2*g + 17, 5*g - g - 2 = 2*q. Let k = q - -8. Let u be (121/22)/(2/(-20)*k). Calculate the greatest common divisor of 22 and u.
11
Let i be 1239/118*(72/21)/2. Calculate the highest common factor of i and 14292.
18
Suppose 4*z + b - 178 = 603, 7 = 2*b + 5. Let j = -22 + 37. Calculate the greatest common divisor of z and j.
15
Let p be (14/63)/(5/90) + -8 - -640. Calculate the greatest common factor of 300 and p.
12
Let u(x) = -56*x + 2089. Let h be u(37). Calculate the greatest common divisor of h and 2074.
17
Let o(y) = 12*y. Let l be o(1). Let z = 16045 + -15949. What is the highest common divisor of l and z?
12
Suppose z - 324 = 11*j - 6*j, 5 = -5*j. Let x be 9106/z + (-6)/11. What is the highest common divisor of x and 350?
14
Let k(f) = -f**3 - f**2 + 10*f + 17. Let j be k(-3). Suppose -120 = 36*u - 37*u + 4*w, j*u - 621 = -w. Calculate the greatest common divisor of 16 and u.
4
Let n = 2809 - 2683. What is the greatest common divisor of n and 102?
6
Suppose -4*f - 5*b = -12135 - 2678, b = -3*f + 11129. Calculate the greatest common divisor of f and 145.
29
Let b = 1616 + -1574. What is the highest common divisor of 1617 and b?
21
Let a be 246/(18 - 13 - 118/24). Suppose a = -55*d + 59*d. Calculate the greatest common factor of 9 and d.
9
Suppose 50*u = 138759 + 56491. Calculate the greatest common factor of 110 and u.
55
Let j(k) = -k**3 - 5*k**2 + 4. Let i = -2 + -3. Let o be j(i). Let p(u) = u**2 + 7*u - 16. Let c be p(4). Calculate the highest common divisor of c and o.
4
Suppose -2*l + q - 553 = 0, 3*l = 5*l + q + 551. Let p = -84 - l. Calculate the highest common factor of 64 and p.
64
Let o(d) = -28*d - 82. Let j be o(-3). Let a be j/(-3) - 1470/(-126). Calculate the highest common divisor of 176 and a.
11
Suppose 2*k + 45*o - 92 = 47*o, o - 74 = -2*k. What is the highest common factor of 680 and k?
40
Let y be (2/((-2)/(-5)))/(0 - -1). Let f be ((-9)/y)/(51/(-680)). What is the greatest common factor of 2 and f?
2
Suppose -13*z + 4*w = -8*z - 5519, -w = 2*z - 2218. Calculate the highest common divisor of z and 27.
27
Suppose -5*b - 5*x = -610, -5*b + 422*x - 425*x = -616. Let r be (-2)/3 + 51/9. What is the greatest common factor of b and r?
5
Let i be (14/1)/(-2) + (14 - 20) + 22. What is the highest common divisor of 6111 and i?
9
Let p be 1489 + (4 + 52/(-6))*60/70. Calculate the highest common divisor of 385 and p.
55
Let s = 83 + -80. Let l be ((-4)/(20/(-3)))/(s/255). What is the greatest common factor of l and 153?
51
Suppose 484 = 4*a - 4*m, -4*m - 68 - 32 = -a. Let i = 78 + -30. What is the greatest common factor of i and a?
16
Suppose 1182*s - 1196*s = -9464. Calculate the greatest common factor of s and 26.
26
Suppose -13*p - 18*p + 152383 = 29065. What is the greatest common factor of p and 702?
234
Let s(b) = 3*b**2 - 14*b + 11. Let m be s(13). Suppose 539 = 4*u - 5*k, -u - 4*k + 25 + 73 = 0. Calculate the highest common divisor of u and m.
42
Suppose 9*x - 10*x - 3*b + 2226 = 0, 4382 = 2*x - 4*b. Calculate the highest common divisor of x and 360.
45
Let i(p) = 3*p**2 - 15*p - 268. Let t be i(15). What is the greatest common factor of 2506 and t?
14
Suppose 2*g + 2*y = 716, 1838 = 5*g + 244*y - 247*y. Calculate the greatest common factor of g and 672.
28
Suppose -2*n = -5*o + 3 + 470, 2*o - 182 = -n. Let a(r) = -10*r - 19. Let j be a(-5). What is the greatest common factor of j and o?
31
Suppose 504*x - 502*x = 5*z - 5390, z - 5*x - 1078 = 0. Calculate the greatest common factor of 22 and z.
22
Let s be 1 - (-3 - (2 + -5 + 479)). Suppose -1 = -2*j + 1, -s = -2*y - 4*j. Calculate the highest common factor of y and 34.
34
Let x(l) = l**3 + 49*l**2 - 121*l - 1218. Let t be x(-50). Calculate the highest common factor of 352 and t.
44
Let q = 45168 - 39591. What is the greatest common divisor of 39 and q?
39
Suppose 70*p = 22*p + 32*p + 448. Calculate the highest common factor of 497 and p.
7
Let s = 31 - 31. Let b(i) = -i + 28. Let p be b(s). Suppose -z = -195 + 153. Calculate the greatest common divisor of z and p.
14
Let r(x) = -x**2 + 19*x - 7. Let n be r(18). Suppose -8*c + n*c - 81 = 0. Suppose 21*v - 574 = 182. Calculate the highest common factor of v and c.
9
Let y = 4260 + -2897. Calculate the greatest common divisor of 235 and y.
47
Let j be (-32834)/(-5) + 280/(-350). What is the greatest common factor of j and 804?
134
Let z be (12/6 + 10/(-8))/(39/12636). What is the highest common divisor of 6 and z?
3
Let g be (-4 - -10)*(-5344)/(-96). Calculate the greatest common factor of 2 and g.
2
Let i = 5018 - 4926. Calculate the greatest common divisor of i and 368.
92
Let z be 3*((-5)/(-30))/((-2)/8). Let x(j) = 184*j**2 - 15*j - 29. Let p be x(z). Calculate the highest common factor of p and 11.
11
Let m(s) be the third derivative of -s**5/60 + s**4 - 27*s**3/2 + 2*s**2 - 14*s. Let q be m(15). What is the highest common divisor of q and 135?
27
Suppose 0 = 181*f - 207*f + 2600. Calculate the greatest common divisor of f and 620.
20
Suppose 0 = -r - r - 4*a + 36, 2*a + 174 = 5*r. What is the greatest common divisor of r and 32?
32
Suppose 33*f - 1262 = 223. Let h = -35 - -38. Suppose 4*u = v - 22, -4*v = -h*v - u - 19. Calculate the greatest common factor of v and f.
9
Suppose -4*l + 0*l = -12. Suppose -l*b = -4*b - 111. Let o be (-2)/3*b*(-30)/(-20). Calculate the greatest common factor of o and 74.
37
Let f be (-1)/(-3) + (-209)/33. Let j be ((-4)/f)/((-30)/(-3285)). Suppose 0 = 6*x - 71 - j. What is the highest common factor of x and 6?
6
Let n be 9/(-72) + 99/24. Let s be ((-2)/2)/(n - (-372)/(-92)). What is the greatest common divisor of 23 and s?
23
Suppose 0 = -18*s + 41993 + 45577. Calculate t